when 4618 is divided by 2303?
12
Calculate the remainder when 86 is divided by 60.
26
What is the remainder when 575 is divided by 418?
157
What is the remainder when 213 is divided by 12?
9
Calculate the remainder when 127 is divided by 123.
4
Calculate the remainder when 251 is divided by 65.
56
Calculate the remainder when 3190 is divided by 266.
264
Calculate the remainder when 365 is divided by 172.
21
What is the remainder when 336 is divided by 142?
52
What is the remainder when 119 is divided by 63?
56
Calculate the remainder when 596 is divided by 73.
12
Calculate the remainder when 743 is divided by 721.
22
Calculate the remainder when 19 is divided by 4.
3
Calculate the remainder when 4465 is divided by 15.
10
What is the remainder when 8634 is divided by 157?
156
Calculate the remainder when 5632 is divided by 43.
42
Calculate the remainder when 180 is divided by 58.
6
Calculate the remainder when 6547 is divided by 78.
73
What is the remainder when 447 is divided by 32?
31
What is the remainder when 2909 is divided by 182?
179
What is the remainder when 213 is divided by 110?
103
What is the remainder when 136 is divided by 25?
11
Calculate the remainder when 245 is divided by 82.
81
What is the remainder when 101 is divided by 18?
11
What is the remainder when 70 is divided by 9?
7
Calculate the remainder when 976 is divided by 967.
9
What is the remainder when 145 is divided by 64?
17
Calculate the remainder when 121 is divided by 42.
37
Calculate the remainder when 56 is divided by 51.
5
What is the remainder when 20298 is divided by 16?
10
Calculate the remainder when 50 is divided by 9.
5
What is the remainder when 2473 is divided by 821?
10
What is the remainder when 42 is divided by 23?
19
Calculate the remainder when 269 is divided by 133.
3
What is the remainder when 8636 is divided by 216?
212
What is the remainder when 881 is divided by 29?
11
What is the remainder when 28 is divided by 12?
4
What is the remainder when 5604 is divided by 255?
249
Calculate the remainder when 5367 is divided by 13.
11
Calculate the remainder when 539 is divided by 9.
8
Calculate the remainder when 383 is divided by 16.
15
What is the remainder when 4400 is divided by 163?
162
Calculate the remainder when 173 is divided by 83.
7
What is the remainder when 265 is divided by 76?
37
Calculate the remainder when 170 is divided by 84.
2
Calculate the remainder when 544 is divided by 39.
37
Calculate the remainder when 2804 is divided by 11.
10
Calculate the remainder when 471 is divided by 8.
7
Calculate the remainder when 1915 is divided by 62.
55
What is the remainder when 151 is divided by 42?
25
Calculate the remainder when 111 is divided by 9.
3
What is the remainder when 86 is divided by 22?
20
What is the remainder when 255 is divided by 123?
9
Calculate the remainder when 87 is divided by 23.
18
Calculate the remainder when 3769 is divided by 105.
94
What is the remainder when 436 is divided by 12?
4
What is the remainder when 1477 is divided by 19?
14
Calculate the remainder when 301 is divided by 112.
77
What is the remainder when 590 is divided by 55?
40
Calculate the remainder when 9562 is divided by 131.
130
What is the remainder when 4553 is divided by 23?
22
Calculate the remainder when 340 is divided by 131.
78
Calculate the remainder when 408 is divided by 33.
12
Calculate the remainder when 168 is divided by 37.
20
What is the remainder when 322 is divided by 66?
58
What is the remainder when 32262 is divided by 109?
107
What is the remainder when 800 is divided by 161?
156
What is the remainder when 539 is divided by 92?
79
What is the remainder when 558 is divided by 199?
160
Calculate the remainder when 314 is divided by 35.
34
What is the remainder when 116 is divided by 15?
11
What is the remainder when 182 is divided by 33?
17
Calculate the remainder when 235 is divided by 21.
4
What is the remainder when 248 is divided by 67?
47
What is the remainder when 1730 is divided by 4?
2
Calculate the remainder when 158 is divided by 45.
23
Calculate the remainder when 85 is divided by 57.
28
What is the remainder when 205 is divided by 52?
49
Calculate the remainder when 90 is divided by 3.
0
Calculate the remainder when 574 is divided by 338.
236
What is the remainder when 5982 is divided by 45?
42
Calculate the remainder when 1049 is divided by 42.
41
Calculate the remainder when 6647 is divided by 1328.
7
Calculate the remainder when 539 is divided by 263.
13
Calculate the remainder when 371 is divided by 17.
14
What is the remainder when 58 is divided by 32?
26
Calculate the remainder when 424 is divided by 54.
46
Calculate the remainder when 214 is divided by 82.
50
Calculate the remainder when 65 is divided by 4.
1
Calculate the remainder when 6616 is divided by 29.
4
What is the remainder when 150 is divided by 11?
7
Calculate the remainder when 226 is divided by 58.
52
Calculate the remainder when 251 is divided by 15.
11
Calculate the remainder when 1269 is divided by 24.
21
Calculate the remainder when 1214 is divided by 7.
3
Calculate the remainder when 724 is divided by 66.
64
What is the remainder when 313 is divided by 56?
33
Calculate the remainder when 453 is divided by 35.
33
What is the remainder when 73 is divided by 13?
8
What is the remainder when 511 is divided by 64?
63
Calculate the remainder when 334 is divided by 16.
14
What is the remainder when 178 is divided by 52?
22
Calculate the remainder when 191 is divided by 49.
44
What is the remainder when 432 is divided by 39?
3
Calculate the remainder when 823 is divided by 28.
11
What is the remainder when 587 is divided by 86?
71
Calculate the remainder when 612 is divided by 15.
12
Calculate the remainder when 15959 is divided by 210.
209
Calculate the remainder when 386 is divided by 36.
26
Calculate the remainder when 8087 is divided by 23.
14
Calculate the remainder when 172 is divided by 21.
4
Calculate the remainder when 46 is divided by 26.
20
What is the remainder when 90 is divided by 24?
18
Calculate the remainder when 83 is divided by 24.
11
What is the remainder when 242 is divided by 31?
25
Calculate the remainder when 83 is divided by 17.
15
What is the remainder when 44 is divided by 16?
12
What is the remainder when 394 is divided by 22?
20
What is the remainder when 9250 is divided by 319?
318
What is the remainder when 327 is divided by 10?
7
What is the remainder when 8002 is divided by 615?
7
Calculate the remainder when 749 is divided by 59.
41
Calculate the remainder when 272 is divided by 13.
12
Calculate the remainder when 93 is divided by 20.
13
Calculate the remainder when 570 is divided by 11.
9
What is the remainder when 249 is divided by 12?
9
Calculate the remainder when 6135 is divided by 66.
63
What is the remainder when 473 is divided by 228?
17
What is the remainder when 819 is divided by 130?
39
What is the remainder when 151 is divided by 17?
15
What is the remainder when 791 is divided by 24?
23
What is the remainder when 288 is divided by 92?
12
Calculate the remainder when 799 is divided by 12.
7
Calculate the remainder when 332 is divided by 37.
36
Calculate the remainder when 2105 is divided by 34.
31
What is the remainder when 6399 is divided by 100?
99
Calculate the remainder when 13493 is divided by 21.
11
Calculate the remainder when 4695 is divided by 335.
5
Calculate the remainder when 117 is divided by 7.
5
What is the remainder when 105 is divided by 37?
31
Calculate the remainder when 68 is divided by 19.
11
Calculate the remainder when 162 is divided by 84.
78
What is the remainder when 287 is divided by 19?
2
What is the remainder when 12319 is divided by 112?
111
What is the remainder when 96 is divided by 52?
44
What is the remainder when 81 is divided by 8?
1
What is the remainder when 388 is divided by 40?
28
What is the remainder when 116 is divided by 7?
4
Calculate the remainder when 14352 is divided by 45.
42
Calculate the remainder when 354 is divided by 72.
66
Calculate the remainder when 350 is divided by 34.
10
Calculate the remainder when 104 is divided by 81.
23
What is the remainder when 47248 is divided by 25?
23
What is the remainder when 239 is divided by 11?
8
What is the remain